
False
Let f(g) = 748*g**2 + 1 + 3 - 135*g**2 + 20*g**2 + 4*g + 2. Is f(-1) composite?
True
Let d(r) = 410339*r - 389. Is d(2) prime?
False
Suppose 9 = 3*k, 10*m - 5*m - 3*k = 151. Let u be m/(-14) - 16/(-56). Is u/(-10) + (-62842)/(-65) a prime number?
True
Let t(b) = 53250*b - 8167. Is t(10) a prime number?
False
Is (76 - -206)/((-24)/(-8012)) a prime number?
False
Let p = -1 + 8. Suppose 2973 = 3*x + 660. Suppose p*k = 10*k - x. Is k composite?
False
Suppose 13*a = 9*a + 12, -310656 = -3*x - 3*a. Is x a prime number?
True
Is 2 - -20324 - (10/130 + 190/65) a prime number?
True
Suppose 104 = -24*c - 16. Let v(a) = -4238*a - 179. Is v(c) prime?
True
Let k(x) = 3*x + 29. Let w be k(-7). Let q = w - -51. Suppose 56*j = q*j - 11523. Is j a composite number?
True
Suppose -2*v + l = 13 - 41, 5*v + 2*l - 79 = 0. Suppose v + 285 = 10*w. Suppose -9822 = -36*o + w*o. Is o composite?
False
Suppose 139*h - 154 = 132*h. Is (-300860)/(-308) + 4/h a prime number?
True
Let d = -464 + -693. Let o = 1972 + d. Is o a prime number?
False
Let i(u) = -8920*u + 22. Let b(p) = 8921*p - 18. Let g(j) = 5*b(j) + 4*i(j). Is g(1) composite?
False
Let r = 1218 + -2609. Let a = -2432 - r. Is -1 + -1 - (a + -3) a prime number?
False
Is 90/1485 + 69914079/297 prime?
False
Suppose 0 = 8*h - 3 - 5. Let m be (-3 - (-6 - 0))*h. Suppose n = m, -x + 3*n = -5*x + 3121. Is x a composite number?
True
Let b be (0 + -1 - 8)*26/(-26). Suppose b*h = 4*q + 14*h - 12533, 0 = -2*q + 4*h + 6234. Is q composite?
True
Let w(s) = s - 4. Let q be w(16). Let x be (51045/q)/5 - 3/(-12). Suppose -6*f = -5*f - x. Is f composite?
True
Suppose 3*q = -4*w + 30, -6*w + 9*w - 10 = 4*q. Let n(g) = 4*g**3 - 2*g**2 - 1. Is n(w) composite?
True
Let w(u) = 3*u + 19. Let r be w(-8). Let v be (-4)/(-10) - 8223/r. Let b = -1128 + v. Is b a prime number?
False
Let w(b) = 17*b**2 - 13*b - 6. Let i(f) = f + 10. Let x be i(-3). Suppose 3*t + x = -17. Is w(t) a composite number?
True
Let o(v) = -3*v**3 - 21*v**2 + 40*v + 195. Is o(-16) a composite number?
True
Let d(z) be the first derivative of z**4/4 - 3*z**3 - 41*z**2/2 - 29*z + 22. Let m(k) = -3*k**2 - 14*k - 10. Let s(u) = 6*d(u) - 17*m(u). Is s(5) prime?
True
Suppose 0*a + 2 = -a + 3*c, 5*a + 62 = 2*c. Is 2*7/a + 17468 a composite number?
False
Let w(a) = 169*a**2 - 14*a + 46. Let k = -180 + 185. Is w(k) a prime number?
True
Let v be 0/((-10)/35 + (-60)/(-14)). Let u(r) = r**3 + 2*r + 6069. Let h be u(v). Suppose -h = -5*p - 934. Is p a prime number?
False
Suppose -3*c + 10068 + 2535 = 3*t, -5*c + 4*t = -20969. Suppose u - c = -4*f, -5*f + 4*u + 346 = -4895. Is f a composite number?
False
Let y be (-13 + 3)*(-4)/(-8) + -182. Is 6/51 + (-722172)/y prime?
False
Suppose -4*j - 24 + 68 = -i, -j + 53 = -2*i. Is ((-36)/i)/(6/55852) a composite number?
False
Let t(g) = -71*g**3 + 11*g**2 + 106*g + 13. Is t(-6) composite?
True
Let f(a) = -10*a**3 + 2*a**2 + a + 1. Let w be f(-5). Suppose 2*t + 3*o = w, -4*t + 0*o + 2*o = -2560. Suppose 397 = v - t. Is v a prime number?
True
Let m(v) = -v**2 - 4*v + 7. Let d be m(-8). Let y(p) = 2*p**2 + 6*p + 62. Let q be y(0). Let j = d + q. Is j prime?
True
Suppose 0 = -k - 13 + 42. Suppose 2*u - 3*u = 50. Is (u/3 - 1)/(k/(-261)) composite?
True
Let t = -438 + 441. Suppose 2*i - 3 = 7, 6977 = 2*y + t*i. Is y a prime number?
False
Suppose 10*i = 8*i + 10. Let j(g) = 8*g**2 - 43 - 8*g + 8*g + i*g + 4*g. Is j(-14) a composite number?
False
Suppose 4801970 = 46*b + 989904. Is b composite?
True
Let a(z) = -4520*z + 27. Let q be a(-7). Suppose -k - 4*r + 0*r = -6322, 5*k + r - q = 0. Suppose -2*y = -2*c + k, 0 = 5*c + 2*y - y - 15811. Is c composite?
False
Let m(z) = 487*z**3 - 16*z**2 + 80*z - 16. Is m(5) a prime number?
True
Is 5154603/146 + (-3)/(-2) - -4*1 a prime number?
True
Let w(k) = -59*k**3 - 21*k**2 - 72*k + 21. Is w(-8) composite?
True
Let w(h) = -3250*h**3 + 2*h**2 + 4*h + 3. Let v = 336 + -337. Is w(v) a prime number?
True
Suppose -20*i = -3*h - 25*i + 76304, -i = 5*h - 127166. Is h prime?
False
Let a = -32 + 32. Suppose 0 = -s + 3*y - 8, -3*y + 12 = a. Suppose 2*q + 0*i = s*i + 1378, -3*i - 2052 = -3*q. Is q a prime number?
False
Is 1*199849*1 - (17 + -15 - 2) a prime number?
False
Let j(g) = -4*g**3 + 48*g**2 + g - 10. Let z(t) = 8*t**3 - 96*t**2 - 3*t + 19. Let h(c) = 5*j(c) + 3*z(c). Is h(15) prime?
True
Suppose -i - m - 6250 = 0, i + 3*i = 5*m - 25027. Let q = 10944 + i. Is q composite?
False
Suppose -4*w = -r - 13499, -2*r - r = 9. Let f = w + -1479. Is f a composite number?
True
Suppose 6 - 8 = -g. Suppose g*v + 4*c = -2 - 16, -c = -3*v + 1. Is v/(3604/(-900) - -4) - 2 a prime number?
True
Let o(t) be the first derivative of t**4/4 + 13*t**3/3 + 3*t**2/2 + 42*t + 44. Let q be o(-13). Suppose q*m = 6847 + 152. Is m a composite number?
False
Let u = 63614 - -55983. Suppose 5*n = 11108 + u. Is n composite?
False
Let p = 1302 - -190. Let a = p + 335. Let y = a - -1654. Is y a composite number?
True
Is 78/18 - 4 - (-4259072)/12 prime?
False
Is (-93)/(-62)*((0 - 0) + (-630934)/(-3)) a composite number?
False
Suppose 2*l - 6 = 4*l + 2*z, 11 = 3*l - z. Suppose 1952 = g + l*h + h, -4 = -4*h. Is g composite?
False
Is 6*205930/(-12)*(-13)/65 a prime number?
True
Is (-2 + 225942/(-8))*-4 a composite number?
False
Let p(x) = -35*x - 3. Let f be p(-2). Suppose 0 = m - f + 61. Suppose m*a - 1362 = 612. Is a composite?
True
Let n(s) = -s**3 - 11*s + 3. Let x be n(0). Suppose 0 = 2*g - k - 13948 + 385, -27101 = -4*g - x*k. Is g composite?
False
Let b(l) = -17*l**2 - 4*l - 12*l**3 + 17*l**2. Let j be b(-6). Let o = -1273 + j. Is o a composite number?
True
Suppose -2*r = -2 - 4, -5*n = -2*r - 49. Suppose 0 = -n*d + 51365 + 4284. Is d a composite number?
False
Let s(v) = 3*v**3 - v**2. Let u(m) = 3*m**2 + 2*m + 1. Let p be u(0). Let a be s(p). Suppose 4*h - 180 = -a*k, 4*h - 178 = -k - 2*k. Is h a prime number?
False
Suppose -2*j + 2220434 - 241062 = 4*u, 3*u - j = 1484529. Is u prime?
True
Let v(m) = 31 - 127*m - 47*m + 37*m. Let s(w) = -8*w + 34. Let u be s(5). Is v(u) a composite number?
False
Let q be (-90)/(-120)*2*148. Let m = q + 297. Is m prime?
False
Suppose -2*t = -3*k - 173609, 5*k + 260411 = -4*t + 7*t. Suppose -4*m - 2*h = -t, 0 = m + h + 9137 - 30840. Is m composite?
True
Suppose 2*s = 2*z - 248, 113 - 1 = z + 5*s. Let g(y) = -39 + z*y**2 + 8*y - y - 115*y**2. Is g(10) prime?
False
Let o(v) = -238*v**3 + 4*v**2 + 86*v + 138. Is o(-11) composite?
True
Let w = 120589 + -21486. Is w a prime number?
True
Suppose -50*g - 248689 = -57*g. Let l = -24986 + g. Is l prime?
False
Let i be (-10655)/((-6)/(1 - -5)) + -1. Is (-29 + 3)/13 + -1 + i a composite number?
False
Let h(f) = 11*f - 202. Let y be h(19). Suppose -y*r = -24*r + 126871. Is r composite?
True
Suppose -1491332 = -8*h - 22*h - 2882. Is h composite?
True
Let j be (-1)/((6 + -4)/(-16)). Let a(w) = 6*w**2 - w + 17. Let z be a(j). Suppose 5*p = y + z, 0 = -y - 4 + 6. Is p a prime number?
True
Let t = -4289 + 23591. Suppose -84120 = -6*r + t. Is r a composite number?
True
Let n = -4807 - -1028. Let h = n - -5436. Is h composite?
False
Let q(s) = -117*s - 260. Let u be q(-31). Let y = -978 + u. Is y composite?
False
Is (-59333034)/(-78) + 7 - ((-40)/8)/65 composite?
True
Suppose 4*y = 2*d + 736496, 20*y = 19*y - 6*d + 184163. Is y a prime number?
False
Let j(i) = -i + 29. Let k be j(4). Suppose -k = -5*y - 0, 3*v - 18572 = -y. Is v a prime number?
False
Let n(y) = 3382*y**3 + 132*y**2 - 263*y - 5. Is n(2) a prime number?
False
Suppose 108*g - 120*g - 48 = 0. Let d(v) = 95*v**2 - 33*v + 5. Is d(g) a composite number?
False
Suppose -173748 = -5*p + 5*q + 46577, 2*p + 5*q - 88158 = 0. Is p a composite number?
True
Let a(i) = -i**2 + i. Let u be a(1). Suppose u = 8*x - 1541 - 5523. Is x prime?
True
Let s(j) be the first derivative of -j**4/4 + 12*j**3 - 18*j**2 - 90*j + 85. Is s(34) a composite number?
True
Let v(g) = -g**3 + 11*g**2 + 27. Let h be v(11). Suppose -17619 = 6*q - h*q. Is q a prime number?
True
Let v = -74 - -78. Suppose g = b + 2, -b + g + 10 = v*b. Let o(t) = 1119*t + 14. Is o(b) a composite number?
False
Is (0 + -3)*(-189111474)/1242 prime?
True
Let m(z) be the second derivative of 25*z**3 - 7*z**2/2 + 213*z. Is m(12) prime?
False
Let c(u) = 2662*u**2 + 83*u -